0010?
10100022020
In base 11, what is -2 - -67230a11?
67230a0a
In base 13, what is 21b07 - 2c68?
1bb6c
In base 4, what is 3 + -2032103030133?
-2032103030130
In base 10, what is 11696 + -2794?
8902
In base 11, what is 38350 + -65?
38296
In base 11, what is -145 + 150a3?
14a59
In base 10, what is 219 + 27463?
27682
In base 11, what is 2011469 - 3?
2011466
In base 6, what is -5224503 - 2005?
-5230512
In base 15, what is -333ab353 + 5?
-333ab34d
In base 6, what is 144230 + 33514?
222144
In base 14, what is -105a13c + -1?
-105a13d
In base 11, what is 596112a - -16?
5961145
In base 5, what is -3040 - -10002000?
4443410
In base 15, what is -5 - -4b06a?
4b065
In base 5, what is -102 - -4131424?
4131322
In base 5, what is 0 + 20023211442?
20023211442
In base 14, what is 285d + 8b00?
b55d
In base 3, what is 12 + 102000002122112122?
102000002122112211
In base 3, what is -10110122122 + -1102?
-10110201001
In base 16, what is 2a3 - -13ad?
1650
In base 3, what is 11001 - -2010101202?
2010112210
In base 9, what is 40516815 + 5?
40516821
In base 5, what is -2 - 130244404201?
-130244404203
In base 11, what is 106 + -16a57?
-16951
In base 9, what is -22847 - -20733?
-2114
In base 5, what is 4433 - -1010012?
1020000
In base 9, what is -7754 + 2113?
-5641
In base 11, what is 20821 + 20a16?
41737
In base 16, what is 180 - -130727?
1308a7
In base 10, what is -1 - -1039201?
1039200
In base 9, what is -31707077 + 3?
-31707074
In base 16, what is -1 + 559e18?
559e17
In base 12, what is 13309 + b7?
13404
In base 8, what is -14 - -465143?
465127
In base 2, what is -11111000110100110101 + -1000?
-11111000110100111101
In base 7, what is -134642360 + -14?
-134642404
In base 11, what is -5 + -3952a49?
-3952a53
In base 12, what is -1850 - 3844?
-5494
In base 4, what is -1303310 + 32132?
-1211112
In base 11, what is 57 + 50a33?
50a8a
In base 8, what is 4400 - 10437?
-4037
In base 14, what is -150 + 55c766?
55c616
In base 6, what is 1331115 + -145102?
1142013
In base 2, what is 101110 - -101101100000100101100?
101101100000101011010
In base 13, what is -12 - a9b43?
-a9b55
In base 10, what is 2489085 + -51?
2489034
In base 12, what is 4 - 17b1a8?
-17b1a4
In base 11, what is -2865 + -20531?
-23296
In base 2, what is -110111101000011011110 + -1000011?
-110111101000100100001
In base 15, what is -c0 - 19d?
-26d
In base 11, what is -3 + 163591?
163589
In base 14, what is -9 + c2cca86?
c2cca7b
In base 16, what is 3 + 79623?
79626
In base 15, what is 5 + 1049487c?
10494882
In base 4, what is -2232 - -11020312?
11012020
In base 11, what is 25178128 - 0?
25178128
In base 5, what is -2133 + -14024?
-21212
In base 10, what is 82 - -18084?
18166
In base 2, what is -11101000111001001110001000110 + 10?
-11101000111001001110001000100
In base 8, what is 114612 + 5017?
121631
In base 10, what is -66033410 + 4?
-66033406
In base 15, what is -82e190 + -4?
-82e194
In base 9, what is -44313510 + -5?
-44313515
In base 11, what is 105479 - 3332?
102147
In base 3, what is 11 + 11120220200101120?
11120220200101201
In base 4, what is 23333100 + -201220?
23131220
In base 14, what is -2c89b5a + -3?
-2c89b5d
In base 2, what is 111011001 - -1111111101101?
10000111000110
In base 16, what is -296 + -c783d?
-c7ad3
In base 11, what is 13815a6 + 6?
1381601
In base 15, what is 413c8 + -a?
413bd
In base 16, what is 8583 - -f7a?
94fd
In base 12, what is 23867a5 - -4?
23867a9
In base 15, what is 8b8e - 52da?
38a4
In base 8, what is 7 + 212373211?
212373220
In base 3, what is -200 - 1122021022122?
-1122021100022
In base 2, what is 101 - 100101011011010100000?
-100101011011010011011
In base 12, what is 1a646b1 + -6?
1a646a7
In base 5, what is 24201 + -10030323?
-10001122
In base 10, what is 2 + -599962?
-599960
In base 16, what is -16c2c + 5ac?
-16680
In base 13, what is 1a35 - 22?
1a13
In base 10, what is -4716769 - 131?
-4716900
In base 14, what is 5dd505 + 52?
5dd557
In base 6, what is 52 + -333215?
-333123
In base 13, what is -162 + -4b0?
-642
In base 5, what is -30 - 1010103111?
-1010103141
In base 16, what is -c8668c1 + -5?
-c8668c6
In base 12, what is 4b5804 + 1?
4b5805
In base 9, what is 68025 + 710?
68735
In base 10, what is -38 - -487691?
487653
In base 15, what is -7b0 + -372c?
-3edc
In base 14, what is -bc5 - -2590c?
24b27
In base 16, what is 10 - 49143?
-49133
In base 16, what is -739 - -1549?
e10
In base 10, what is -4 + 6328089?
6328085
In base 4, what is -1102 - 303002131?
-303003233
In base 7, what is 242042 + 342?
242414
In base 5, what is -33312 + 11414434?
11331122
In base 7, what is 243 - -352166?
352442
In base 10, what is 1738 - 271?
1467
In base 15, what is 2cac4 + 19?
2cadd
In base 15, what is 5 - 35ec44?
-35ec3e
In base 4, what is 111313201320313 - -3?
111313201320322
In base 6, what is 512134 - 3214?
504520
In base 2, what is 11011110001101100010011100 + 11?
11011110001101100010011111
In base 16, what is 1b48 - aac0?
-8f78
In base 9, what is -4284 + 1015?
-3268
In base 10, what is 0 - 36994537?
-36994537
In base 5, what is -12214041 + -122131?
-12341222
In base 5, what is 340011222 + -1400?
340004322
In base 4, what is 101001 + -13213321?
-13112320
In base 16, what is -378 + -14534?
-148ac
In base 5, what is 333100440 - -1?
333100441
In base 11, what is 696641 - -190?
696821
In base 16, what is 7a11 - -2895?
a2a6
In base 2, what is 1110001100110100000001 + 1000?
1110001100110100001001
In base 9, what is -13616 + 1513?
-12103
In base 13, what is 60a - -83aa7?
843b4
In base 14, what is -9aaa81b - -2?
-9aaa819
In base 5, what is 0 - -31013232230?
31013232230
In base 10, what is -11338 - 10196?
-21534
In base 13, what is -18734 + -67?
-1879b
In base 14, what is 27c416 + -3?
27c413
In base 11, what is -3 + 903a52?
903a4a
In base 15, what is -5b + -b857a0?
-b8580b
In base 16, what is 12 + -71195?
-71183
In base 16, what is -55b11a - -2?
-55b118
In base 10, what is 128668100 - -2?
128668102
In base 6, what is 2145454 + 100?
2145554
In base 7, what is 1154454 - -24021?
1211505
In base 9, what is -156800364 - -3?
-156800361
In base 15, what is 99 + -325be?
-32525
In base 16, what is -11e4c - -21?
-11e2b
In base 10, what is 64766 + -154?
64612
In base 4, what is -2123220033 - -22?
-2123220011
In base 4, what is 3310 - -2101213?
2111123
In base 4, what is -313202 - -1101?
-312101
In base 10, what is 297 - -206284?
206581
In base 10, what is 163 + -7040512?
-7040349
In base 6, what is -1115334330 - -1?
-1115334325
In base 11, what is 28 + 1192593?
1192610
In base 5, what is -33101102 + -14?
-33101121
In base 14, what is -b56bc - -d?
-b56ad
In base 9, what is 705650306 + 1?
705650307
In base 12, what is 90798b - -69?
907a38
In base 8, what is -146545322 + 1?
-146545321
In base 8, what is 23007 + -31633?
-6624
In base 8, what is 157527 - 151?
157356
In base 7, what is 505 + 60112404?
60113212
In base 5, what is 1121 - 101331433?
-101330312
In base 4, what is 231003101222 - -3?
231003101231
In base 2, what is 11 - -1100011101101111000?
1100011101101111011
In base 14, what is -19 + -383d9?
-38414
In base 3, what is 20 + 102101022120?
102101022210
In base 2, what is -100110000101111011011 - 100?
-100110000101111011111
In base 12, what is 53886 - 42?
53844
In base 10, what is -253756 + 19?
-253737
In base 7, what is 6343551 - 216?
6343332
In base 9, what is -7836 + 3206?
-4630
In base 16, what is -128e0cc + 14?
-128e0b8
In base 12, what is 3609 + -64?
3565
In base 13, what is 17c6a12a0 - 1?
17c6a129c
In base 16, what is 64 - -3425b?
342bf
In base 7, what is 10 - -12120442?
12120452
In base 9, what is 171746 + -2420?
168326
In base 15, what is -87d - -215e?
17d1
In base 6, what is 3544 - -535443?
543431
In base 6, what is -5 - 22433321203?
-22433321212
In base 6, what is -5 - -1254104425?
1254104420
In base 6, what is 1305033 - 302?
1304331
In base 2, what is -10111111 + -1111011011101111010?
-1111011100000111001
In base 11, what is -2 + 2406346?
2406344
In base 16, what is -53fd + -f00?
-62fd
In base 7, what is -21621 + 145401?
123450
In base 3, what is -1022020 - -121121112220?
121120020200
In base 16, what is 2 + 4a79a0?
4a79a2
In base 15, what is -212e0 + 48?
-21297
In base 8, what is 362563 - -5172?
367755
In base 14, what is -202874a - -1?
-2028749
In base 8, what is -3015110 + -11?
-3015121
In base 